le of 78?
False
Is 68 a factor of 12802?
False
Does 10 divide 1310?
True
Is 20391 a multiple of 21?
True
Does 14 divide 29358?
True
Does 15 divide 3330?
True
Is 32 a factor of 32?
True
Is 35672 a multiple of 56?
True
Does 5 divide 831?
False
Does 251 divide 62750?
True
Is 14 a factor of 154?
True
Is 164275 a multiple of 13?
False
Does 96 divide 438?
False
Is 12686 a multiple of 147?
False
Is 3 a factor of 3604?
False
Does 16 divide 96?
True
Does 13 divide 5244?
False
Is 12 a factor of 780?
True
Is 10 a multiple of 4?
False
Is 1221 a multiple of 3?
True
Is 25 a factor of 227?
False
Does 8 divide 2304?
True
Does 22 divide 15752?
True
Is 27 a factor of 10429?
False
Does 13 divide 888?
False
Is 10 a factor of 530?
True
Is 12 a factor of 132?
True
Is 21 a factor of 882?
True
Does 93 divide 14070?
False
Is 6104 a multiple of 56?
True
Is 5814 a multiple of 102?
True
Is 191 a multiple of 23?
False
Is 8 a factor of 1416?
True
Does 7 divide 531?
False
Is 182 a multiple of 32?
False
Is 40 a factor of 45?
False
Is 1708 a multiple of 13?
False
Is 30 a factor of 40341?
False
Does 22 divide 8317?
False
Is 2159 a multiple of 70?
False
Is 13770 a multiple of 27?
True
Does 91 divide 28401?
False
Does 14 divide 11029?
False
Is 361 a multiple of 19?
True
Is 183 a factor of 42273?
True
Is 25 a factor of 244?
False
Is 390 a multiple of 11?
False
Does 62 divide 28965?
False
Is 42 a multiple of 21?
True
Does 23 divide 17296?
True
Does 62 divide 69812?
True
Is 279 a multiple of 9?
True
Is 15787 a multiple of 73?
False
Does 8 divide 48?
True
Does 52 divide 2826?
False
Is 63 a factor of 24633?
True
Does 18 divide 256?
False
Is 4715 a multiple of 5?
True
Does 11 divide 694?
False
Is 115 a factor of 73163?
False
Is 2 a factor of 6310?
True
Does 63 divide 2833?
False
Is 11 a factor of 429?
True
Is 1032 a multiple of 43?
True
Is 4645 a multiple of 127?
False
Is 92 a multiple of 2?
True
Does 49 divide 9114?
True
Is 5904 a multiple of 66?
False
Does 11 divide 34?
False
Is 28 a factor of 16716?
True
Is 8776 a multiple of 36?
False
Does 17 divide 408?
True
Is 29 a factor of 290?
True
Is 6 a factor of 13412?
False
Is 1659 a multiple of 41?
False
Is 12 a factor of 32621?
False
Is 42 a factor of 4914?
True
Is 73 a factor of 12702?
True
Does 11 divide 6681?
False
Is 388 a multiple of 25?
False
Is 14784 a multiple of 64?
True
Does 24 divide 1056?
True
Does 14 divide 434?
True
Is 14 a factor of 1134?
True
Is 49 a factor of 816?
False
Is 463 a multiple of 16?
False
Does 114 divide 5016?
True
Is 14490 a multiple of 63?
True
Is 96 a factor of 69453?
False
Is 695 a multiple of 5?
True
Is 139 a multiple of 8?
False
Is 142 a factor of 256?
False
Does 19 divide 1324?
False
Is 51 a factor of 10098?
True
Is 3692 a multiple of 4?
True
Is 42 a factor of 95508?
True
Is 49 a factor of 686?
True
Does 24 divide 227?
False
Is 38 a factor of 432?
False
Is 5937 a multiple of 13?
False
Is 95 a factor of 88730?
True
Is 1053 a multiple of 26?
False
Is 1975 a multiple of 79?
True
Does 18 divide 12960?
True
Is 14 a factor of 111?
False
Is 9 a factor of 18?
True
Is 46281 a multiple of 5?
False
Is 617 a multiple of 4?
False
Does 65 divide 3965?
True
Is 6 a factor of 19473?
False
Is 13049 a multiple of 25?
False
Does 6 divide 7122?
True
Is 38 a multiple of 14?
False
Is 103 even?
False
Is 39 a factor of 897?
True
Is 6 a multiple of 2?
True
Does 84 divide 2940?
True
Is 176 a factor of 26224?
True
Is 70 a factor of 30092?
False
Is 74 a factor of 1318?
False
Does 11 divide 1848?
True
Is 1624 a multiple of 58?
True
Does 288 divide 25056?
True
Does 80 divide 1520?
True
Does 43 divide 8643?
True
Does 10 divide 19?
False
Does 98 divide 2526?
False
Does 9 divide 6193?
False
Is 1920 a multiple of 6?
True
Is 7705 a multiple of 23?
True
Does 4 divide 491?
False
Is 213 a multiple of 3?
True
Is 19 a factor of 2451?
True
Is 51 a factor of 580?
False
Is 7200 a multiple of 23?
False
Does 8 divide 246?
False
Does 7 divide 791?
True
Is 2628 a multiple of 9?
True
Is 13 a factor of 28184?
True
Is 43 a factor of 3018?
False
Is 4290 a multiple of 39?
True
Does 9 divide 4054?
False
Does 71 divide 7492?
False
Does 35 divide 5355?
True
Is 660 a multiple of 12?
True
Is 9 a factor of 9900?
True
Does 5 divide 15440?
True
Does 11 divide 351?
False
Is 10621 a multiple of 43?
True
Is 38 even?
True
Does 3 divide 171?
True
Does 7 divide 259?
True
Is 9 a factor of 1707?
False
Does 12 divide 4177?
False
Is 85129 a multiple of 109?
True
Does 119 divide 48024?
False
Is 18 a factor of 65160?
True
Is 4744 a multiple of 118?
False
Is 8 a factor of 83?
False
Is 3 a factor of 26?
False
Is 229 a factor of 54175?
False
Does 4 divide 1365?
False
Is 16069 a multiple of 15?
False
Does 27 divide 99?
False
Is 4 a factor of 588?
True
Is 16 a factor of 757?
False
Is 16 a factor of 372?
False
Is 5 a factor of 2012?
False
Is 28 a factor of 1960?
True
Is 37 a factor of 31561?
True
Is 4957 a multiple of 62?
False
Is 252 a factor of 3780?
True
Is 13 a factor of 972?
False
Is 1608 a multiple of 21?
False
Does 36 divide 4903?
False
Is 5936 a multiple of 28?
True
Is 288 a multiple of 96?
True
Is 13786 a multiple of 63?
False
Is 4554 a multiple of 6?
True
Does 17 divide 339?
False
Does 29 divide 819?
False
Is 14 a factor of 5406?
False
Is 3848 a multiple of 32?
False
Does 35 divide 6118?
False
Does 4 divide 4044?
True
Does 76 divide 2263?
False
Is 5 a factor of 3256?
False
Does 12 divide 475?
False
Does 11 divide 77?
True
Does 35 divide 5880?
True
Is 4615 a multiple of 65?
True
Is 2883 even?
False
Is 120 a multiple of 7?
False
Is 8880 a multiple of 24?
True
Is 832 a multiple of 26?
True
Is 139 a factor of 12093?
True
Is 16 a factor of 336?
True
Does 7 divide 21?
True
Does 4 divide 2342?
False
Is 25729 a multiple of 23?
False
Is 24 a factor of 1272?
True
Is 32 a factor of 6560?
True
Is 3762 a multiple of 33?
True
Is 8 a factor of 8008?
True
Is 19 a factor of 501?
False
Is 344 a multiple of 4?
True
Does 33 divide 12923?
False
Is 1736 a multiple of 8?
True
Does 2 divide 43?
False
Is 41 a factor of 4757?
False
Is 105 a factor of 4134?
False
Is 8 a factor of 7272?
True
Does 11 divide 784?
False
Is 35703 a multiple of 235?
False
Does 10 divide 475?
False
Does 69 divide 8349?
True
Does 5 divide 525?
True
Is 35 a factor of 13580?
True
Is 29 a factor of 20056?
False
Does 65 divide 325?
True
Does 63 divide 4851?
True
Is 13 a factor of 2216?
False
Is 38 even?
True
Does 8 divide 644?
False
Is 29 a multiple of 3?
False
Does 13 divide 572?
True
Is 872 a multiple of 24?
False
Is 8 a factor of 210?
False
Is 4 a factor of 178?
False
Is 15130 a multiple of 85?
True
Does 154 divide 3211?
False
Does 11 divide 7173?
False
Is 7 a factor of 371?
True
Does 11 divide 3166?
False
Is 43 a factor of 1290?
True
Is 165 a factor of 22601?
False
Is 54 a factor of 54216?
True
Is 19947 a multiple of 28?
False
Does 8 divide 64?
True
Is 5 a factor of 553?
False
Is 187 even?
False
Is 2364 a multiple of 12?
True
Does 13 divide 2067?
True
Is 84 a factor of 4719?
False
Does 11 divide 1339?
False
Is 8892 a multiple of 9?
True
Is 30 a factor of 54870?
True
Is 3432 a multiple of 32?
False
Is 55 a factor of 8785?
False
Does 5 divide 921?
False
Is 78 a factor of 546?
True
Does 176 divide 59988?
False
Does 11 divide 1661?
True
Is 13 a factor of 244?
False
Is 1445 a multiple of 17?
True
Does 3 divide 628?
False
Does 9 divide 90?
True
Does 63 divide 111?
False
Is 52 a factor of 4205?
False
Is 411 a factor of 45210?
True
Is 15281 a multiple of 64?
False
Does 128 divide 2688?
True
Is 3570 a multiple of 102?
True
Is 195 a factor of 50310?
True
Is 46975 a multiple of 94?
False
Is 8568 a multiple of 14?
True
Is 2938 a multiple of 26?
True
Is 10 a factor of 66991?
False
Does 24 divide 19680?
True
Is 5396 a multiple of 38?
True
Is 16678 a multiple of 62?
True
Is 38 a factor of 1292?
True
Is 97 a multiple of 23?
False
Is 72 a multiple of 36?
True
Does 47 divide 2085?
False
Is 866 a multiple of 26?
False
Is 54 a multiple of 18?
True
Is 17716 a multiple of 43?
True
Is 484 a multiple of 74?
False
Does 22 divide 2662?
True
Is 984 a multiple of 8?
True
Is 1753 a multiple of 15?
False
Is 3 a factor of 2871?
True
Is 7082 a multiple of 38?
False
Does 7 divide 77?
True
Is 2779 a multiple of 6?
False
Is 8200 a multiple of 82?
Tr